are the prime factors of g?
2, 3
Let g(z) = 1295*z**2 - 4*z - 16. What are the prime factors of g(-6)?
2, 11657
Suppose -266298 = -4*b - 2*h, 5*b = 2*h + 406467 - 73635. List the prime factors of b.
2, 3, 5, 7, 317
Let l = -1510 + 2645. Let z = -552 + l. List the prime factors of z.
11, 53
Suppose -9*z + 3933 = 837. Suppose -3*j = 5*d + z - 2752, 0 = 4*j + d - 3222. List the prime factors of j.
2, 13, 31
Let m be -123 - 0/(-2 - -5). Let y(f) = -37*f - 61. Let w be y(4). Let o = m - w. List the prime factors of o.
2, 43
What are the prime factors of ((-60)/(-7 - -1) - -20)/((-6)/(-1528))?
2, 5, 191
Let u be 6 + (4 - 28)*1. Let p(q) = -q**3 - 18*q**2 - 7*q - 3. What are the prime factors of p(u)?
3, 41
Let r(h) = h + 12. Let m be r(-7). Let s = -315 - -311. What are the prime factors of 26/s*(-30)/m?
3, 13
Let y = 171 - 168. Suppose y*f - 3*a = -f + 1023, a = 2*f - 509. What are the prime factors of f?
2, 3, 7
Let o = 3097 + 5886. What are the prime factors of o?
13, 691
List the prime factors of (108/45)/(15/142775) + -7.
41, 557
What are the prime factors of (((-375498)/(-20))/23*-2)/(1/(-5))?
3, 907
Let a(o) = 5*o + 4. Let j(v) = 9*v + 7. Let f(t) = -73*t - 57. Let l(x) = -6*f(x) - 51*j(x). Let r(i) = 22*a(i) + 6*l(i). List the prime factors of r(-2).
2, 3, 5
Let n be ((-3)/(-1))/(2 - 3). What are the prime factors of (-1486)/(-5) - (-1 - n)/10?
3, 11
Suppose -2*x = n + 7, -2*n - 3*n - x = -10. Let f(w) = 169*w - 15. Let i be f(1). Suppose -n*s = -4*s + i. What are the prime factors of s?
2, 7, 11
Let v(z) be the third derivative of 97*z**4/24 - z**3/3 - z**2 - z. What are the prime factors of v(5)?
3, 7, 23
Suppose -3*c = 1 - 4, -5*z + 4*c = 24. Let k be 2/z*(-3 + 3). Suppose u + 4*r + 13 = 73, -3*u + 2*r + 236 = k. What are the prime factors of u?
2, 19
What are the prime factors of (-25955)/(-435)*5*78?
2, 5, 13, 179
Let k be 58/(-116)*(-4)/(-1). What are the prime factors of (-6)/10 + (-579)/30*k?
2, 19
Suppose 16*s + 4787 + 125 = 0. Let g = -75 - s. What are the prime factors of g?
2, 29
Let u be (-2)/(2 - (-16)/(-6)). Let m(c) = -c**3 + 4*c**2 - c - 3. Let f be m(3). List the prime factors of 80 - (f + -4 + u).
2, 3, 13
Let q(n) = -n**3 + 7806 - 4*n**3 - 2*n**2 - 12*n - 7801 - 7*n**2. What are the prime factors of q(-6)?
7, 17
Suppose -2 + 9 = -m - 3*r, 20 = -5*r. Suppose 136 + 208 = s + 2*y, s - m*y - 372 = 0. List the prime factors of s.
2, 11
Let u(n) = -190*n**3 + 3*n**2 + 14*n + 12. List the prime factors of u(-5).
23767
Suppose 11*l = 13*l + 116. Let o = 61 + l. Suppose -o*v - 4*h + 392 = 0, -2*v + 0*h + 280 = -2*h. What are the prime factors of v?
2, 17
Let c(x) = x**3 + 13*x**2 - 7*x + 15. Let d be ((-17)/(-51))/(-1 + (-38)/(-36)). Let a be c(d). Suppose 0*m = -3*m + a. What are the prime factors of m?
3, 73
Suppose -3*t - c = -8*t + 1317, 0 = 4*t + 3*c - 1065. Suppose -48 = 2*q + g - t, -5*g = 0. What are the prime factors of q?
2, 3
Let k(r) = -136*r + 590. List the prime factors of k(-86).
2, 6143
Let p be ((-4)/(-12))/(4*1/323376). Suppose -4142 = 21*y - p. What are the prime factors of y?
2, 3, 181
Let f be ((-32)/(-12))/(-1)*3. List the prime factors of ((-5)/4)/5 + (-842)/f.
3, 5, 7
Let v be 4/(-20) + (-205)/(-25). Suppose -18 = -n - v*n. Suppose -2*j + 256 = n*j. What are the prime factors of j?
2
Suppose -x = -44*c + 43*c - 2533, -x = 5*c - 2533. Let j = 3650 - x. List the prime factors of j.
1117
Let t(p) = -p**3 + 7*p**2 + p - 9. Let f be -2 + 7 + -2 - -4. Let m be t(f). List the prime factors of (-9 + 2)*m/(2/19).
7, 19
Let j(n) = -5*n + 52. Let s be j(13). Let i = 27 - 79. What are the prime factors of s/i - 846/(-8)?
2, 53
Suppose 41106 = -30*r + 407556. List the prime factors of r.
5, 7, 349
Let v(q) be the third derivative of -q**4/6 - 5*q**3/6 + 38*q**2. Let p be v(-3). What are the prime factors of (p + -5 - (1 + -149))*1?
2, 3, 5
Let k(m) = 5*m**2 + 2*m - 7. Suppose 0 = -5*d + 4*a - 3 - 137, -d + 4*a = 12. Let p = 29 + d. List the prime factors of k(p).
2
Let b be 4/((3/(-14733))/((-2)/(-3))). What are the prime factors of b/(-20) - (-5)/25?
5, 131
Let l be 26 - 25 - 346*(-15)/6. Suppose -3*y + 2*o = -1604, -4*y - 4*o - l = -2978. List the prime factors of y.
2, 7, 19
Let q(l) = -142*l**3 - 3*l**2 - 3*l - 22. List the prime factors of q(-4).
2, 3, 5, 7, 43
Let c = 50 + -27. Let j be (76/8)/((-2)/12). Let t = c - j. What are the prime factors of t?
2, 5
List the prime factors of 526*9 + (-203 - -195).
2, 17, 139
Let l = 219 + -128. Suppose -2*h + 11*i = 14*i - 1662, 4*h + 3*i = 3300. Suppose -4*v + h = l. List the prime factors of v.
2, 7, 13
List the prime factors of 6/(-39) - (-940696)/(-104)*-1.
3, 5, 67
Let k be ((-7)/(28/3))/(4/(-112)). Suppose 2*s - 86 = -l, 419 = 5*l - 22*s + k*s. What are the prime factors of l?
2, 3, 7
What are the prime factors of (-6)/84 - (-1032505)/70?
2, 5, 59
Let t = -130 + 134. Suppose 0 = r + 3*c - 653, -t*c = -r + 205 + 476. List the prime factors of r.
5, 7, 19
Let h(g) = -184*g**3 - 2*g**2 + 11*g + 160. What are the prime factors of h(-5)?
3, 5, 29, 53
Let m = -78626 - -117255. What are the prime factors of m?
38629
Let g be (-26)/130 + (-2 - (-3807)/(-15)). Let n = 958 + g. What are the prime factors of n?
2, 3, 13
Let f(l) = -l**3 - 21*l**2 + 635*l - 111. List the prime factors of f(-49).
2, 47, 383
Suppose -3*k = -9, 3*p - k - 42 = k. Let h(s) = 11*s - 14. Let j(o) = -20*o + 26. Let x(w) = -5*h(w) - 3*j(w). What are the prime factors of x(p)?
2, 3
Suppose 4*d = 941 + 103. Suppose 4*b - 2*b = -5*f + 10, 0 = 4*b - 3*f - 20. Suppose -d = -b*t + 209. What are the prime factors of t?
2, 47
List the prime factors of (-446007)/(-36) + (19/(-19))/12.
13, 953
Suppose 12*x + 252 = 10*x. Let o = 131 + x. Suppose 5*j - 239 = 4*j + 4*g, -751 = -3*j - o*g. List the prime factors of j.
13, 19
Let k = -20329 - -36530. What are the prime factors of k?
17, 953
Suppose 6*s = 6 + 18. Suppose 8*k - s*k - 125 = -3*g, 59 = g - 3*k. Let z = g - 9. List the prime factors of z.
2, 19
Suppose -5*y - 1797 = 3*x - 2*x, -4*y - x = 1437. Let z be 358*10*30/(-200). Let t = y - z. List the prime factors of t.
3, 59
Let o = 17 + -8. Suppose -o*x = x - 5220. What are the prime factors of (0/(-4))/(-4) + x/3?
2, 3, 29
Let i be (-6)/10 - (-138)/30. Let o be 0/i*(-3)/6*-1. Suppose 18*d - 14*d - 60 = o. What are the prime factors of d?
3, 5
What are the prime factors of ((-10162)/(-3))/(360/(-27) - -14)?
5081
Let m be 10/55 + (3 - 45/(-55)). Suppose -8 = -c - 3*w, 99 + 8 = m*c - 3*w. List the prime factors of c.
23
Suppose 0 = -18*i + 20*i - 1192. Let x = -372 + i. List the prime factors of x.
2, 7
Suppose -5*p = 3*b - 36, -3*b - 4*p + 3*p + 24 = 0. Suppose 2*d - n - 45 = 0, 2*d + 96 = b*d + 3*n. Let f(y) = 14*y - 12. What are the prime factors of f(d)?
2, 3, 47
Suppose -41*i + 146*i - 10364 = 44551. What are the prime factors of i?
523
Let t = 93 + 118. Let o = -173 + t. What are the prime factors of o?
2, 19
Suppose -99 = -10*m + 9*m + 4*r, 0 = m + 5*r - 135. Suppose 122*f = m*f + 1120. List the prime factors of f.
2, 5
Let c = -43 - -47. Suppose -44 + 19 = -5*n, -27 = -c*h + n. List the prime factors of 228/(-16)*h/(-3).
2, 19
Suppose 36*k + 9 = 39*k. Suppose -d + 3*v + 8 = -0*v, 0 = -v - 3. What are the prime factors of d + 41 + k - (0 + -3)?
2, 23
Let t = 346 - -633. Suppose 0 = -12*z + 10109 + t. Suppose 5*q = v + 1146, -4*v + 3*v + z = 4*q. What are the prime factors of q?
2, 5, 23
Suppose -89*n - 52 = -93*n. Suppose n*a - 25*a = -12852. What are the prime factors of a?
3, 7, 17
Let f be 54*(28/(-12) + -5). Let m = f + 585. What are the prime factors of m?
3, 7
Let n be 111/(-12)*((-18)/3 + -42). Suppose 0 = -3*t + 5*a - a + 1364, -t + n = 4*a. List the prime factors of t.
2, 113
Suppose 5*j - 14 = 4*x + 111, 0 = 4*x - 3*j + 131. Let w(r) = -14*r**2 + 2*r + 1. Let m be w(2). Let z = x - m. What are the prime factors of z?
2
Let o = -6702 - -9799. What are the prime factors of o?
19, 163
Let m = -3631 + 11670. What are the prime factors of m?
8039
Let t = -16 - -31. Suppose 16*d = t*d + 5304. What are the prime factors of (-6)/(-10) - d/(-85)?
3, 7
Suppose -4*m = 1 + 15. Let u = -9 - m. What are the prime factors of 6/u*(-1800)/48?
3, 5
Suppose 424*d = 419*d - 20, 58499 = f - d. List the prime facto